{"id":335,"date":"2023-12-29T20:14:17","date_gmt":"2023-12-29T18:14:17","guid":{"rendered":"https:\/\/svs1994.org\/?page_id=335"},"modified":"2025-12-21T16:26:16","modified_gmt":"2025-12-21T14:26:16","slug":"volleyball-jugend","status":"publish","type":"page","link":"https:\/\/svs1994.org\/?page_id=335","title":{"rendered":"Volleyball  Jugend"},"content":{"rendered":"\n<p>Wir sind die j\u00fcngste Gruppe im Verein und meist so um die 16-20 Jahre. Wenn Du magst, melde Dich unter den Kontaktadressen.<\/p>\n\n\n\n<p><\/p>\n\n\n\n<figure class=\"wp-block-table is-style-stripes\"><table><tbody><tr><td>Ansprechpartner:<\/td><td>Thomas Kluge, Michael Kurze<\/td><\/tr><tr><td><strong>Training:<\/strong><\/td><td>Mittwoch 18:30-20:30 <br>           in der Sporthalle Gymnasium<br>M\u00e4rz &#8211; Oktober,  Montags 17:00-18:30 <br>            Grundschule Ost<\/td><\/tr><tr><td><strong>Spielbetrieb:<\/strong><\/td><td><a href=\"https:\/\/www.ssvb.org\/cms\/home\/jugend\/landesebene\/jugendrunden.xhtml?LeaguePresenter.view=resultTable&amp;LeaguePresenter.matchSeriesId=95189563#samsCmsComponent_51094152\">Kreisjugendliga U20 m\u00e4nnlich<\/a><br>Mitspielen in den M\u00e4nnermannschaften<br>Turniere<\/td><\/tr><\/tbody><\/table><\/figure>\n\n\n<div class=\"wp-block-image\">\n<figure class=\"aligncenter\"><img loading=\"lazy\" decoding=\"async\" width=\"100\" height=\"89\" src=\"http:\/\/svs1994.org\/wp-content\/uploads\/2019\/05\/SVS_R\u00fccken_final-e1557880362147.png\" alt=\"SVS-Maskottchen\" class=\"wp-image-177\"\/><\/figure>\n<\/div>","protected":false},"excerpt":{"rendered":"<p>Wir sind die j\u00fcngste Gruppe im Verein und meist so um die 16-20 Jahre. Wenn Du magst, melde Dich unter den Kontaktadressen. Ansprechpartner: Thomas Kluge, Michael Kurze Training: Mittwoch 18:30-20:30 in der Sporthalle GymnasiumM\u00e4rz &#8211; Oktober, Montags 17:00-18:30 Grundschule Ost Spielbetrieb: Kreisjugendliga U20 m\u00e4nnlichMitspielen in den M\u00e4nnermannschaftenTurniere<\/p>\n","protected":false},"author":1,"featured_media":0,"parent":0,"menu_order":0,"comment_status":"closed","ping_status":"closed","template":"","meta":{"footnotes":""},"class_list":["post-335","page","type-page","status-publish","hentry"],"_links":{"self":[{"href":"https:\/\/svs1994.org\/index.php?rest_route=\/wp\/v2\/pages\/335","targetHints":{"allow":["GET"]}}],"collection":[{"href":"https:\/\/svs1994.org\/index.php?rest_route=\/wp\/v2\/pages"}],"about":[{"href":"https:\/\/svs1994.org\/index.php?rest_route=\/wp\/v2\/types\/page"}],"author":[{"embeddable":true,"href":"https:\/\/svs1994.org\/index.php?rest_route=\/wp\/v2\/users\/1"}],"replies":[{"embeddable":true,"href":"https:\/\/svs1994.org\/index.php?rest_route=%2Fwp%2Fv2%2Fcomments&post=335"}],"version-history":[{"count":9,"href":"https:\/\/svs1994.org\/index.php?rest_route=\/wp\/v2\/pages\/335\/revisions"}],"predecessor-version":[{"id":430,"href":"https:\/\/svs1994.org\/index.php?rest_route=\/wp\/v2\/pages\/335\/revisions\/430"}],"wp:attachment":[{"href":"https:\/\/svs1994.org\/index.php?rest_route=%2Fwp%2Fv2%2Fmedia&parent=335"}],"curies":[{"name":"wp","href":"https:\/\/api.w.org\/{rel}","templated":true}]}}